56*o - 151. Suppose -4*t + n - 25 = t, -5*t - 20 = -2*n. What are the prime factors of j(t)?
5, 37
Let z(j) = 18*j**2 + 168*j - 134. What are the prime factors of z(20)?
2, 13, 401
Suppose -5*a = -4*o - 33895, 1563 = -a - o + 8342. List the prime factors of a.
6779
Suppose -104143*g = -104161*g + 1034118. What are the prime factors of g?
73, 787
Let v(x) = -x**2 - 6*x + 2. Let h be (-2)/(3 + 1)*84/7. Let f be v(h). Suppose -4*p - 148 = -f*r, 5*r + 88 = 6*r + 5*p. List the prime factors of r.
2, 3, 13
What are the prime factors of (-25 + 10)/(-165) + (1 - 54009/(-11))?
3, 1637
Let k(f) = -31*f**3 + 12*f**2 + 2*f - 8. List the prime factors of k(-5).
4157
Let y = -1248 - -1751. Let p = 994 - y. What are the prime factors of p?
491
Let w = -8548 + 16343. Suppose 17197 = 22*m - w. What are the prime factors of m?
2, 71
Let u be (-30)/(-20) - ((-2)/(-4) + -1). Suppose -2*q + 113 = -v, 2*q + u*v - 128 = 6*v. What are the prime factors of (6/(-4))/(5 + (-273)/q)?
3
Let o = -32005 + 46632. List the prime factors of o.
14627
Let d = -44472 - -77624. What are the prime factors of d?
2, 7, 37
Let d(y) = y**2 - 26*y + 41. Suppose 15*t - 118 - 302 = 0. List the prime factors of d(t).
97
Let g(v) = -v**2 + 20*v - 70. Let h be g(15). Suppose q + 5*r + 970 = 6*q, -3*q - h*r + 550 = 0. List the prime factors of q.
2, 5, 19
Let z = -1427 + 3593. List the prime factors of z.
2, 3, 19
Let s(l) = 2*l**2 - 13*l - 3. Let w be s(9). Suppose -411 = -9*m - w. Let o = m + -37. List the prime factors of o.
2
Let c = -4 - -9. Suppose k - 5*k + 68 = 2*u, 0 = -c*u + 2*k + 206. List the prime factors of u + 0/(3 - 6).
2, 5
Suppose 0*m - 4*m = -2*y + 38, -80 = -4*y + 4*m. Suppose y = 4*k + 9. List the prime factors of (-9)/(3/(-63)*k).
3, 7
Let w(i) = 34*i**3 + i**2 + 2. Let x be w(2). Suppose -3*j = -j - x. Let h = j + -45. List the prime factors of h.
2, 47
Let w = -349 + 237. Let l = w + 121. What are the prime factors of 2/(-9) - 167*(-4)/l?
2, 37
Let d(c) = -2*c**2 - 30*c + 9. Let j be d(-18). Let r = j + 102. What are the prime factors of (35/(-21))/(r + 262/(-87))?
5, 29
Suppose -l = 2*p - 53529, 28*p - 5*l = 29*p - 26796. List the prime factors of p.
7, 3823
What are the prime factors of (54/3)/((28 + -21)/8799)?
2, 3, 419
Let l(v) = 1308*v + 71. Let f be l(7). Suppose -21*c = -5914 - f. What are the prime factors of c?
7, 103
Let y(d) be the second derivative of -8*d**3/3 - 9*d**2 + 585*d. Let l(t) = t**2 + 6*t + 1. Let f be l(-4). What are the prime factors of y(f)?
2, 47
Suppose 24 = 9*k + 6. Suppose 3*x - 4 = k. Suppose x*u = 0, 0 = -3*q + 2*u - u + 66. List the prime factors of q.
2, 11
Suppose -47*k + 23640 = -35*k. What are the prime factors of ((-1)/5)/(k/1975 + -1)?
79
Suppose 0 = -3*k + 9, -10303 - 17783 = -2*v + 4*k. What are the prime factors of v?
3, 7, 223
Suppose 2*q = -6, -3*q = a - 13 + 1. Let b = a + -82. Let d = b + 71. List the prime factors of d.
2, 5
Let b(z) = z + 13. Let g be b(-13). Let p(d) = -d**2 + 2*d - 6. Let k be p(g). Let n(f) = f**3 + 9*f**2 - 5*f + 2. List the prime factors of n(k).
2, 5, 7
Suppose 31*d + 27*d - 42514 = 0. Let y = d + -254. List the prime factors of y.
479
Let h = -126 + 128. Suppose 0 = h*z, 2*s + 3*z = s + 298. List the prime factors of s.
2, 149
Let s(d) be the first derivative of 11*d**3/3 - d**2 + 9*d - 151. What are the prime factors of s(9)?
2, 3, 7
Let k be 20/(-12) + 1 - 1310/15. List the prime factors of (-70648)/k - (-4)/22.
11, 73
Suppose s - 7 - 19 = 5*f, 0 = -2*s - 3*f + 13. Suppose 0 = -s*z + 11566 - 3778. What are the prime factors of z?
2, 3, 59
Suppose -351 = c - 28*c. Suppose 18*d + 1573 = 3*s + c*d, 2*d = -2*s + 1022. What are the prime factors of s?
2, 3, 43
List the prime factors of -50*(-3)/30*4*92178/72.
3, 5, 569
Let r(u) be the first derivative of -u**3/3 - 5*u**2 - 4*u - 10. Let m be r(-8). Suppose m*n - 774 = 6*n. What are the prime factors of n?
3, 43
Let d(m) = -10564*m - 940. What are the prime factors of d(-1)?
2, 3, 401
List the prime factors of -3*(-168)/(-140)*12570/(-4).
3, 419
Let w(k) = 2*k**3 - 2*k + 2. Let j be w(1). Suppose -5*g + o = -1827, j*g = 8*o - 6*o + 726. What are the prime factors of g?
2, 3, 61
Suppose -o + j = -9, -o - 6 = -3*o - 2*j. Suppose o*z - 9 = 3*z. Suppose f + 6 - 156 = -5*g, -z*f = 0. What are the prime factors of g?
2, 3, 5
Let c be (-42 - -27)/((-3)/7). Let q(h) = 20*h + 174. What are the prime factors of q(c)?
2, 19, 23
Suppose -9*y + 16 = -7*y. Suppose 0 = y*j - 24 - 16. Suppose -j*g + 841 = -74. What are the prime factors of g?
3, 61
List the prime factors of 5286 + (8 + 4)/(-12).
5, 7, 151
Let q(k) = k**3 - 9*k**2 - 6*k - 37. Let u be q(10). Suppose -8*v - 753 = -9*v + 4*z, -3*z = u*v - 2199. What are the prime factors of v?
11, 67
Let t(r) = -116 - 4*r**2 - 122 - r**3 + 230. Let x be t(-5). Let c = x + -1. What are the prime factors of c?
2
Let l = -61 - -55. Let p(m) = 2*m**3 - 35*m**2 + m + 33. Let o(z) = -z**3 + 17*z**2 - z - 16. Let n(v) = l*p(v) - 13*o(v). What are the prime factors of n(11)?
3, 29
Let w = -3010 + 6952. Suppose 8*l = 2*l + w. List the prime factors of l.
3, 73
Suppose 12 = 2*k + 2. Let u be -8 + 0 + k - -3. Suppose u = -g + 5*g - 724. What are the prime factors of g?
181
Let d(r) = -13*r + 45. Let p(w) = 0 + 2*w + 7 - 6 - w. Let i(a) = d(a) + 6*p(a). What are the prime factors of i(-14)?
149
Let f(s) = -52*s - 1640. Let z be f(-39). Suppose v - 180 = 2*v. Let p = v + z. What are the prime factors of p?
2, 13
Let n be (-6)/((-100)/(-32) - 3). Let f be n/3 - 2*6/4. Let c = 12 - f. What are the prime factors of c?
31
Let z(b) = -b**3 - 38*b**2 - 60*b - 51. Let f be 3/(-7) - 2560/70. What are the prime factors of z(f)?
2, 5
List the prime factors of (146/(-10))/(((-9)/18)/((-1460)/(-8))).
73
Suppose 7*v - 3*c = 11*v + 60, 75 = -5*v - c. Let x be 34/255 + (-568)/v. Let d = 93 - x. List the prime factors of d.
5, 11
Let k = -891 + 1617. Suppose 12*p - k = -78. List the prime factors of p.
2, 3
Suppose 2*n - 3 = -n. Let g be (1/3)/(n/36*4). Suppose -305 = -3*o + b, 2*o - g*b - 136 = 72. What are the prime factors of o?
101
Suppose 0 = -4*r + 5*v - 41, 2*r - 3*v + 20 = -v. Let n be (6 + r)*(-3 + 2). Suppose 2*x + n*p - 218 = 0, 0 = -x - x + 5*p + 202. List the prime factors of x.
2, 53
Let r(x) = x**2 + x - 3. Let c be r(-3). Suppose 3*p = -2*t, -34 = c*t - 2*p - 2*p. What are the prime factors of t/(-10)*-1 - 4278/(-30)?
2, 71
Let q = 6 - 1. Suppose 3*z - b - b - 359 = 0, -q*z + 601 = -2*b. List the prime factors of z.
11
Suppose 0 = 5*i + 846 + 849. Let v = 593 + i. What are the prime factors of v?
2, 127
What are the prime factors of (-78096)/(-42) - (-69)/(-161)?
11, 13
Let j be 22344/224 - 5/(-4). Suppose -2*z = -5*b - 1315, b + 561 = z - j. List the prime factors of z.
5, 7, 19
Suppose 410*v - 97*v - 16032832 = 4139705. What are the prime factors of v?
3, 7, 11, 31
Let d(i) = -11*i**3 - 50*i**2 - 263*i - 62. List the prime factors of d(-11).
2, 5711
Let i = 16759 - 251. What are the prime factors of i?
2, 4127
Suppose -2*p = 4*h - 174, 0 = -2*p - p - 5*h + 263. Let g = p + 441. Suppose -6*n + g = 40. List the prime factors of n.
2, 41
Let g be 360/44 + (-6)/33. Suppose -g = -i + 4. Suppose i*j = 10*j + 54. What are the prime factors of j?
3
Suppose 5*o = 4*m + 35500, 0 = -5*m + 21 + 4. Suppose -o = -16*x + 8*x. List the prime factors of x.
2, 3, 37
Suppose -6160 = -335*o + 327*o. List the prime factors of o.
2, 5, 7, 11
Suppose -6*p + 15892 = -3482. What are the prime factors of p?
3229
Suppose 65*u + 324 = 69*u. Let t = 645 - u. Suppose f = -4*p + 157, 4*p = 3*f + 109 - t. List the prime factors of f.
3, 17
Let v = -23897 - -58796. What are the prime factors of v?
3, 11633
Let q = -3547 - -17272. List the prime factors of q.
3, 5, 61
Suppose s + 4*y - 6 = -s, 5*y = -3*s + 9. List the prime factors of (s/3 - 0)*(-285)/(-1).
3, 5, 19
Suppose -337 = -a + 5*z, 3*z - 1 + 7 = 0. Suppose -2*b - a = 35. Let u = b + 262. List the prime factors of u.
3
What are the prime factors of (-61)/((64/1028)/(-16))?
61, 257
Let n = -76 - -79. Suppose -3*w - 34 = -4*w - n*h, 4*h - 128 = -4*w. Suppose w*f + 112 = 33*f. What are the prime factors of f?
2, 7
Suppose 0 = -5*z - 0*z - j - 35, 5*j - 25 = 0. Let c be (-1)/((-2)/(-3)*6/z). Suppose -c*r